s the value of -1 - -3 - (3 + (1 - -9) + -38)?
27
Evaluate (-641 - -673) + (-2 - 2).
28
Evaluate 1 + (9 - (13 + (-15 - -14))).
-2
21 + -28 + 1 - (-5 + -3)
2
3 + (-5 + 5 - (-2 - -16))
-11
What is the value of (-2 + (-4 - -4) - 23) + 5?
-20
What is 75 + -44 + -2 + 4 + -3?
30
What is (50 + -44 - (1 + 4)) + 9?
10
What is 12 - ((12 - 36) + 17)?
19
-32 - (-8 + 15 + -10)
-29
What is the value of (26 - 3) + 6 - (6 + -6 - -4)?
25
Calculate (5 - (12 + -3)) + 14.
10
What is the value of (61 - (22 + 10)) + -28?
1
Calculate -1 + 1 + 1 + 0 + -4 - -4.
1
What is 34 + -40 + (16 + 2 - (-2 - -3))?
11
What is the value of 18 + 0 + (2 - 3) - 4?
13
What is -22 + 47 - (20 - -9)?
-4
Calculate (10 - (46 - 53)) + -6 + 0.
11
Evaluate -9 + (1 - 1) + (-11 - -42) + -28.
-6
What is the value of 408 + -405 + 8 + -1?
10
Evaluate -70 - -39 - 9 - (-11 - -1).
-30
What is the value of -1 + -6 - (3 + (26 + -34 - 19))?
17
What is -13 + (-25 - -47 - (15 - 2))?
-4
Calculate (19 - 13 - 0) + -28.
-22
What is (767 - 747) + -33 + -2 + 0?
-15
Evaluate -2 + (9 - (-3 - -7 - 1)) - 29.
-25
What is (-32 - -16) + 10 + 17?
11
Evaluate -14 - -9 - -13 - 7.
1
Evaluate 15 - (-14 - (-20 - -3)).
12
Calculate (-1 - (-1 - (-1 + 3))) + (-17 - -1).
-14
What is the value of 47 - (-15 + 35) - 29?
-2
Calculate 2 - (-8 + (12 - 3) + 7).
-6
What is -7 - ((-13 - -12) + (3 - 24))?
15
Calculate -14 - (12 + (3 - 1) + -33).
5
What is (-13 - -2 - -14) + -11 - (6 + -8)?
-6
23 - 10 - -5 - 16
2
What is (-37 - -21) + 22 - 0?
6
What is the value of (2 - 0) + 13 + (74 - 92)?
-3
Calculate 0 + -23 - (2244 + -2235).
-32
Calculate 11 + -11 + 13 + -2 + -9.
2
Calculate 1 + -5 + 102 + -66.
32
Evaluate 4 + 1 + 1 + 1 + -6.
1
What is the value of -22 - ((-4 - -21) + -21)?
-18
Evaluate (-1 - (-11 + 2)) + (16 - (34 - 12)).
2
Calculate -250 + 246 - ((2 - 16) + 5).
5
Calculate -11 - ((-352 - -340) + (7 - -1)).
-7
What is the value of (10 - -3) + 2 - (15 - (10 + 6))?
16
Evaluate (-9 - -8) + (1 - 4).
-4
What is the value of -1 - (4 + (-10 - -6) + (6 - 0))?
-7
3 + -10 + 13 + (-3 - 6)
-3
What is (-3 - -4) + (0 - -1) + (-34 - -27)?
-5
-32 - (-18 - (0 + 0))
-14
What is -1 + 2 + -1 + 3 - 3?
0
What is (-14 - (-10 + -1)) + 13?
10
What is -8 - 2 - -4 - (-4 + -14)?
12
Calculate 3 + (3 - 22) + 8 + -2 + 0.
-10
(-13 + 19 - 2) + 6
10
What is (17 - (29 - 9) - (-1 - 6)) + -3?
1
Calculate 9 - (-21 - -14) - 10.
6
What is the value of 8 + (18 - 20) + -13?
-7
-1 + (37 + -1 - (26 + -9))
18
What is the value of 12 + (-8 - (-16 + 16))?
4
13 - (15 - -4 - 12)
6
What is -9 + -7 + 9 + (8 - 2)?
-1
Evaluate -31 - (23 - (-28 + 76)).
-6
Evaluate -2 - 8 - (1 - (-6 - -8)).
-9
Evaluate -81 + 89 - (5 + 3).
0
Calculate 3 + -1 - (19 + (-9 - 10)).
2
What is 10 + -6 - (-15 + -16 + 20 + 3)?
12
(-8 + -5 - -18 - (-2 - 5)) + -24
-12
What is -2045 + 2084 + -1 + -37?
1
What is (-1 - -5) + (3 - 0) + (505 - 509)?
3
What is (5 + -4 - (13 + -8 - -17)) + 8?
-13
What is the value of 3 - (12 - -2) - (32 + -53 - -18)?
-8
What is 12 + (-20 - -32 - 14 - (-2 + 24))?
-12
Calculate 3 + -3 - (9 + 5 + (-11 - -15)).
-18
What is the value of 6 + -7 + 5 + 1 + 0 + -18?
-13
What is the value of -7 + (-21 - -14) - -2?
-12
Calculate (126 - 69) + -60 + (-1 + 0 - -34).
30
Evaluate 7 - (31 + 18 + -28 + 11).
-25
What is the value of (-22 + 4 - -13) + -2?
-7
What is 6 - ((7 - -3) + 1 + 8)?
-13
What is the value of 10 + -19 - (-27 - -7)?
11
What is -16 - ((-12 - 35) + 3)?
28
155 - 162 - (-1 - (0 + 2))
-4
What is the value of -10 - (-3 - 5 - -1)?
-3
What is the value of -7 + 3 - (-1 + (3 - 5) - -5)?
-6
What is the value of -3 + -4 + (8 + -1 - (6 - 0))?
-6
Evaluate -41 - (-25 - (-15 - (-4 - -5))).
-32
Calculate 1 + 4 + (-10 - (-12 - -3)).
4
(-4 + -4 + 34 - 7) + -8
11
Evaluate -1 - (-2 + 10) - (14 + 3 + -55).
29
Calculate (-2 - 16) + -9 + -3 + 8.
-22
What is (2 - 1 - (-145 - -142)) + (-2 - 2)?
0
What is (-1 - 9) + (191 - 193)?
-12
What is the value of (1 - -1 - 1) + 13 + (52 - 50)?
16
What is (-1 - -2) + (-58 + 58 - (2 - -3))?
-4
What is the value of -1 + -9 - -12 - 5?
-3
Evaluate 16 + (-4 - -2 - (-98 + 98)).
14
Evaluate (-1 - -19) + -10 + (-6 - -9 - 0).
11
7 + (2 - (-3 - (7 + 2)))
21
Calculate (-21 - -16) + -4 - (-1 + (-3 - 29)).
24
0 + (-3 - -5) + 1 + -35 + 43
11
(-28 - (-54 + 28)) + (-30 - 3)
-35
What is the value of -2 + 6 + (33 + -14 - (2 - -6))?
15
-48 - -50 - (-2 - -1)
3
What is the value of (1 - -4 - (4 + -1)) + (-84 - -71)?
-11
Calculate 33 - 20 - (13 - -2).
-2
Calculate -4 - (1 - -2) - 2.
-9
Evaluate 3 + 4 + 12 + (7 - 1).
25
Evaluate 14 + (-13 - -4) + -20.
-15
Calculate -6 + (15 + -7 + -7 - 8).
-13
What is (4 - -1) + 5 + -17 + 4?
-3
What is -31 + 13 - -25 - (0 + 0) - 25?
-18
Calculate (-17 + 22 - -5 - 11) + (-1 - 10).
-12
Calculate 3 + -1 - (-4 + -1 + 13).
-6
What is the value of -12 + 19 + (-10 + 1 - 4)?
-6
(-16 - -22 - -9) + -1 + -7 + -5
2
What is -5 + 17 + (-26 - -27)?
13
What is the value of 0 + (-29 - -31) + (1 - 9)?
-6
-2 + 6 + -4 - -3
3
Evaluate (-11 - (2 - 5)) + 1 + 1 + 5.
-1
Calculate -11 - 4 - (-19 - (1 + -6 - 6)).
-7
Calculate 9 - (14 - (-5 - 4 - -1)).
-13
(-1 + -6 - (-249 - -227)) + (0 - -5)
20
Evaluate 20 + -50 + 21 + 8 + (-2 - 1).
-4
11 + (-1 - 7 - ((-19 - 3) + 20))
5
2 + 18 + -24 + (-2 - -18)
12
Calculate -15 - (-6 - 0 - (3 - (1 + 13))).
-20
Calculate 117 + -124 - (0 - -2) - (0 + 2).
-11
Evaluate 2 - ((-79 - -87) + 1 + 0).
-7
What is the value of -7 - (-1 + -30 + 17) - 8?
-1
What is 30 - 22 - (1 - (2 - 7)) - 25?
-23
Evaluate 1 - (8 - (0 + 9)).
2
What is 0 - (-2 + -2) - (-10 - -5 - -10)?
-1
Evaluate 22 + -9 - 10 - (-3 - (2 + -6)).
2
5 + -14 + (8 - 0)
-1
What is the value of -9 + 5 + 22 + -20 + (27 - 2)?
23
Evaluate (5 - -3) + (-5 - 23 - -13).
-7
-21 + (32 - 18 - 11)
-18
-11 + 2 + (0 + -9 - (-43 - -1))
24
Evaluate (-2 - 4) + 30 - (4 - (0 + -3)).
17
What is 2 + -3 + (13 - (-15 - -25))?
2
What is the value of 3 + -14 + 15 + 6?
10
(-10 - (-10 - 19)) + -9
10
(69 + -76 - (1 - 13)) + (1 - -4)
10
(-6 - (-2 + -5) - 48) + 15
-32
Calculate -7 - (-16 - 13) - 6.
16
What is the value of 227 + -254 - (-14 - 0)?
-13
12 + (-14 - (-22 - 1) - -20)
41
-34 - (-20 + -15 + 13)
-12
Calculate 1 + 20 + -5 + -28.
-12
(8 - -1 - (35 + (-13 - 8))) + -10
-15
What is the value of -8 - (3 + -6 + 8 + -8)?
-5
-3 - (-1 - 3) - (8 - 12)
5
-11 + 0 + 17 + -20 + 11
-3
What is -15 - ((4 - -2) + 4 + -20)?
-5
-2 + (-2 - 6 - -10 - 0) + 8
8
What is (9 - 7) + 0 - ((1 - -2) + 12)?
-13
What is the value of -7 - (-6 - -21) - -18?
-4
Calculate (4 - (5 - 4)) + 120 + -121.
2
Calculate -7 - (-7 + ((-8 - -1) + 9 - 9)).
7
Calculate -3 - (-3 + 13) - (-86 - -95).
-22
What is the value of -13 + (-7 - -10) - -10?
0
What is 5 - (23 - (-9 + 10) - 14)?
-3
Evaluate 6 + -3 + 0 - (6 - 2).
-1
Calculate -7 + 25 + -11 - 17.
-10
What is -6 - (0 + -1) - (-3 + (-2 - -12))?
-12
What is the value of -3 - (1 + 6 + 6 + -1 + -12)?
-3
-38 + 43 - (19 + -39)
25
Evaluate (-12 - -5 - (-7 - 0 - 2)) + 15.
17
What is 10 + -3 + 15 + -20?
2
What is -13 - -18 - (15 + 2)?
-12
Calculate -6 + 19 + -12 + (-14 - (-2 - -4)).
-15
Calculate (17 - 15) + -1 + 1 + -4.
-2
4 + -6 + 0 + 3 + -10
-9
What is the value of -20 + 2 - (-65 - -57) - -2?
-8
-10 - (-25 + 20) - -12
7
What is the value of (-1 - 11) + 42 + -32?
-2
What is 17 - 1 - ((-26 - -16) + -3)?
29
What is 15 + 33 + -17 + -1?
30
Calculate 7 + (1 - 7) - 2 - (2 + 3).
-6
What is 6 - (2 + -7 + 1)?
10
(10 - 11) + 10 + -2
7
Calculate 30 - (9 + -34 + 18 - (-13 - -3)).
27
Evaluate 4 - (10 - -1) - -18.
11
What is the value of 7 + 0 + -5 + 7 + (6 - 0)?
15
What is the value of (12 - (2 + (12 - 0))) + -8 + 2?
-8
Evaluate -11 + (-16 - -3) + 18.
-6
What is (74 - 79) + 2 + -3 + 2 - -5?
1
Calculate 2 + 0 + -8 - 1 - -7.
0
What is (-1 - (-11 + -7)) + -15?
2
Evaluate (-4 + (8 - 14) + 14 - -1) + -6.
-1
20 - 49 - (-38 + 20)
-11
Evaluate 11 - 11 - -6 - (30 + (-2 - 0)).
-22
(-28 - -19) + 4 + (27 - 4)
18
(4 - (0 - -24)) + (8 - 6) + 3
-15
What is -350 + 311 + 22 + 0?
-17
Calculate (20 + -19 - -43) + -10 + -5.
29
5 + -7 + 13 + 10 + -22
-1
Calculate (-25 - -5 - (39 + -29)) + 19.
-11
What is the value of 15 + (-9 + 2 - -4) - -14?
26
-4 - (22 + 6 + -13)
-19
What is the value of 4 + 1 - (-9 + (14 - 1))?
1
What is (360 - 350) + 1 + -33?
-22
What is 5 + (-7 - 6 - -5) + 4?
1
What is -13 - (-67 + 27 + 15)?
12
What is 163 + -159 - (-1 - -8)?
-3
What is the va